
False
Let k(c) = 17*c**2 + 440*c - 424*c - 5 - 9 + c**3. Let q be k(-16). Is 2/q - 143160/(-70) a prime number?
False
Let o(q) = -5*q**3 - 12*q**2 - 9*q - 33. Let y be o(-10). Let j = y - 1266. Is j composite?
False
Suppose 13547145 = 1193*r - 1178*r. Is r composite?
False
Suppose -4*j - r + 226799 = -6044, 2*r + 291057 = 5*j. Is j prime?
True
Is (34729 - (-6 - -12)) + 0/(-1) a composite number?
True
Let v(w) = -215*w - 48 - 20 - 48 + 20. Is v(-25) a prime number?
True
Suppose -2*q - 639865 = -8*q + 330653. Is q prime?
True
Suppose -4*v + 4*q + 16 = 0, -2*q - 18 = -5*v + v. Suppose 9 = -4*w + 1, 0 = -v*a - w + 708. Is a composite?
True
Suppose -9*p + 9835 = -13871. Is ((-4)/6)/(((-8)/p)/2) a prime number?
True
Let s = 37041 + -16040. Is s a prime number?
True
Let y = 23235 - -14798. Is y composite?
True
Suppose -3*m = -u - 324112, 189*u - 2 = 191*u. Is m a composite number?
False
Suppose 2*k - 2 = 0, -d - 2*k = 2*d + 262456. Is (-6)/(-4) - d/84 a prime number?
False
Let q(k) = k**2 + 3*k - 1. Let b be q(-4). Suppose -v = b*r, -7 = 4*r + r + 4*v. Is r + 2 + 246 + -2 a prime number?
False
Suppose -10*w = 13 + 17. Let b be (-3 - (w - -3)) + 581. Suppose 2*p + 60 = b. Is p a composite number?
True
Suppose 5*b - g - 119706 = 0, 11*b - 9*b - 3*g - 47885 = 0. Is b a prime number?
False
Let z(f) = -15*f - 86. Let s be z(-6). Suppose -4*n - 3381 = -w, n = -s*w + 3*n + 13552. Is w a composite number?
False
Suppose -v = -3*k - 1244, 13 - 449 = k + 5*v. Let q = k - -259. Let m = -48 - q. Is m composite?
False
Suppose -2*r + 4 = 4*n, -5*n + 6*r - 5 = 11*r. Suppose -3188 = -13*u + 12*u + n*t, 3*u = 3*t + 9582. Is u a composite number?
True
Is (25372/(-14))/(((-896)/(-98))/(-32)) a composite number?
False
Let n = -27408 - -62659. Is n a prime number?
True
Suppose 3*q - 4 = -q - 2*v, q = -5*v - 17. Suppose 0 = 4*c + l - 469, 0 = -9*l + 14*l - 5. Suppose -5*d = q*t - 2909, 2*d - t = 1285 - c. Is d a prime number?
False
Suppose 3147 - 78228 + 507767 = 67*c. Is c a prime number?
False
Let v(a) = a**3 - 9*a**2 + 7*a + 113. Is v(16) a prime number?
True
Let k(g) = -9*g + 137. Let b be k(14). Suppose -b*o + 42172 = 6323. Is o a prime number?
True
Suppose 0 = 12*v - 7*v + 35. Let m be v/((-21)/6) + 3. Is m/10*6 - -188 a composite number?
False
Let i = 1648340 - 943179. Is i a composite number?
False
Let r(i) = 6*i - 162. Let g be r(28). Is 6618 - (-1*g/1 - -5) composite?
False
Let v = 68579 - -45842. Is v a prime number?
False
Suppose 35*q = 1030204 + 702331. Is q a composite number?
True
Suppose -1396719 = -3*a + a - 521723. Is a a prime number?
False
Let o = 28 - 26. Suppose -5*u - r = -10010, -o*r - 3992 = -0*u - 2*u. Let h = u + -1088. Is h composite?
True
Suppose 0*k - 2*k = -u + 3, u = 3*k + 2. Suppose -3*s + 269 = 2*m, u*m - 630 = -0*s + s. Is m prime?
True
Let v(d) be the second derivative of -d**3/6 - 7*d**2/2 + 43*d. Let g be v(0). Let b(p) = 26*p**2 + 11*p - 10. Is b(g) composite?
False
Let q be (-34)/153 + (-400)/(-18). Let k = q - 5. Suppose -k*w - 2721 = -20*w. Is w a composite number?
False
Let o = -85994 - -55188. Is (2/4*-2 - o) + -4 composite?
True
Suppose 0 = -4*k - m, 0 = -4*k + m - 0*m. Suppose -289*o + 287*o + 12170 = k. Is o composite?
True
Let t(o) = -40*o**3 - o**2 + 22*o + 10. Let h be t(6). Let z = 18961 + h. Is z a prime number?
True
Suppose 3*j - 636 - 336 = 4*x, -2*x - 486 = -j. Let f = -42 - x. Suppose 5*o = f + 8584. Is o a composite number?
True
Let g(u) = 77345*u**2 + u + 51. Is g(2) composite?
False
Suppose -188*v + 29113336 = 11254757 - 11514729. Is v composite?
False
Suppose -17333*d + 17306*d = -105406022 - 42761635. Is d a prime number?
False
Let v = -11892 - -36094. Let g = -11741 + v. Is g prime?
False
Suppose s + 2204393 = 12*s - 2915678. Is s a composite number?
True
Suppose 2405 = x - 5*f, -x + 5*x = 5*f + 9575. Let a = x - 1501. Is a composite?
True
Let j be ((-10)/(-2))/(-1) + (-2070)/(-18). Let m be -5 + (-3)/(3/(-2)). Let b = j - m. Is b a composite number?
False
Let f(p) = 77*p**3 - 15*p**2 + 16*p - 36. Let z be f(9). Suppose -12*u + z = 6*u. Is u a composite number?
True
Suppose -5*r + 3135080 = -2403715. Is r composite?
True
Let l(d) = 73207*d**3 - 5*d**2 - 12*d + 31. Is l(2) composite?
False
Let c(l) = 19*l**2 - 53*l + 8 - 45 + 36 - 2*l**3. Is c(-17) prime?
True
Let q = -33 - -53. Is (q - 16)*(-2099)/(-2) prime?
False
Let w = 12655 + -6025. Suppose w = -20*l + 20570. Is l a composite number?
True
Let m be (-312)/65 + 2/(-10). Let k be (-66)/(-77)*-7*1*m. Suppose 29*t + 311 = k*t. Is t a composite number?
False
Suppose -d = -4*c - 17082 - 25803, -2*d + 5*c + 85758 = 0. Is d prime?
False
Suppose 0 = 4*y - b - 26732, 2*b - 34310 = -5*y - 908. Let r = 9981 - y. Is r composite?
False
Let b(f) = 2*f**3 + 6*f**2 - f - 1. Let k be b(-3). Is 0/k - (-15548 + 37) a prime number?
True
Suppose 2*x - o = 0, 2*x - 5*o = -3*x. Suppose x = 5*m + 3*d - 14 - 7, -5*m - d + 17 = 0. Suppose 2*l - 3*r = 2286, -m*l = l + 3*r - 4608. Is l composite?
True
Suppose -i + o + 6712 = 0, -26849 = -4*i + 24*o - 19*o. Suppose -18*h - i = -21*h. Is h a composite number?
False
Suppose -40667232 = -1318*p + 1270*p. Is p a prime number?
False
Suppose -4*t - 127*r = -130*r - 1962431, -3*t + 1471776 = 3*r. Is t a composite number?
True
Let w(n) = -1195*n**3 - 6*n - 21. Is w(-2) prime?
True
Suppose -p + 2*s = 4*p - 12036, -p - 4*s + 2394 = 0. Let x be 39/9 + -4 + (-32244)/(-9). Let f = x - p. Is f a composite number?
True
Let d = -116 + 119. Suppose 10*f = -5*y + 8*f + 11327, -4*y + d*f = -9080. Is y composite?
False
Let a(b) = 54*b + 3. Let r be a(-2). Let l be ((-135)/270)/((-1)/(-376)). Let n = r - l. Is n a prime number?
True
Suppose -60*s - 23*s + 12160579 = 0. Is s a composite number?
False
Let c(v) = -3236*v + 89. Is c(-4) composite?
False
Let m = -147 + 1542. Let b be m/(-9)*(1 + (-142)/(-5)). Let w = b + 8848. Is w a prime number?
False
Suppose -5*x - 45 = -10*x. Let m(u) = -2*u**2 + 17*u + 11. Let y be m(x). Suppose -78 = -y*b - 0*b. Is b a composite number?
True
Suppose 4*q - 588 = -3*i, 2*q - 462 = -q + 3*i. Is (-2)/(-3)*q/4 composite?
True
Let s(h) = -h**2 + 17*h + 25. Let o be 0 - 6/(-10) - 294/(-35). Is s(o) a prime number?
True
Suppose -33 = -33*q - 0*q. Is (23 - 9) + 5542 + 0 + q a prime number?
True
Suppose -47030 = 4*o - 9*o. Let k = -5427 + o. Is k composite?
True
Let u(t) be the third derivative of 457*t**6/180 + t**5/24 + t**4/6 - 2*t**3 + 21*t**2. Let v(j) be the first derivative of u(j). Is v(-1) a prime number?
False
Suppose -3*m - 4*j - 134220 + 1642533 = 0, 0 = 2*m - 4*j - 1005582. Is m a composite number?
True
Let o be (-2)/(-7) - (-288)/21. Suppose g - o + 4 = 0. Is ((-1213)/(-2))/(5/g) a composite number?
False
Let x be (-3)/(-4) - 2/(-8). Let v be (x/2)/(3/12). Is ((-402)/v)/(-3) + 4 a composite number?
False
Let z = -11 - -18. Let b(k) = k + 0*k**2 - 6*k**2 - 6 + z + k**3. Is b(12) prime?
True
Let h(t) = -49*t**3 + 3*t**2 + 6*t - 6. Let n(i) = -i**3 + i**2 - 1. Let m(o) = -h(o) + 5*n(o). Let y(k) = k**3. Let c(v) = m(v) + 3*y(v). Is c(4) composite?
True
Suppose -632 = o - 3*o. Let k(i) = 7*i**2 + 16*i - 73. Let n be k(5). Let d = o - n. Is d a composite number?
True
Is 4/74 - (55950878/(-74) - 4) composite?
False
Suppose -24*o + 1759983 = -5893161. Is o a composite number?
False
Is 5887188/162 - 2/(-6) prime?
True
Suppose 5*j - 2*b - 390681 = 0, -32*b - 156278 = -2*j - 34*b. Is j a composite number?
False
Let l be 6/((2/(-4))/((-10)/((-200)/15))). Let b(t) = 299*t + 20. Let g(k) = -898*k - 60. Let c(u) = -7*b(u) - 2*g(u). Is c(l) composite?
True
Let l be (-6)/10 - 3/(-5). Let w be (l + 2)*(-2)/((-8)/(-6506)). Let k = 1132 - w. Is k prime?
False
Let u = 12 - 36. Let h = -24 - u. Suppose 3554 = 2*n - 2*y, -5*n + y - 5182 + 14083 = h. Is n prime?
False
Let j(c) = -1. Let w(d) = d + 8. Let r(t) = 2*j(t) - w(t). Let s be r(-6). Is (-987)/s + ((-68)/(-16) - 4) composite?
True
Suppose 0*s + s - 2*w + 33 = 0, -s - 13 = 2*w. Is s*((-2)/3)/((-10)/(-915)) prime?
False
Suppose -y + 2*v - 4209 = -3*v, 3*y + 12722 = -4*v. Is (-8)/12 + (2 - y/6) a composite number?
True
Suppose -3*x = 9, -5*v - 73*x = -76*x - 352184. Is v a composite number?
True
Suppose -26*u - 90 = -21*u. Is u/2*(-45514)/42 prime?
False
Is 109/((-2616)/(-3964032))